{"id":2392,"date":"2024-02-16T10:40:45","date_gmt":"2024-02-16T09:40:45","guid":{"rendered":"https:\/\/www.fusion-traiteur.ch\/new\/?page_id=2392"},"modified":"2026-03-04T08:47:41","modified_gmt":"2026-03-04T07:47:41","slug":"formules-cocktails","status":"publish","type":"page","link":"https:\/\/www.fusion-traiteur.ch\/new\/formules-cocktails\/","title":{"rendered":"Les Formules Cocktails"},"content":{"rendered":"<div class=\"wpb-content-wrapper\"><p>[vc_row][vc_column][vc_empty_space][vc_column_text css=&#8221;&#8221;]<\/p>\n<h3 style=\"text-align: center;\">LES FORMULES COCKTAILS<\/h3>\n<p>[\/vc_column_text][\/vc_column][\/vc_row][vc_row][vc_column width=&#8221;1\/6&#8243;][\/vc_column][vc_column width=&#8221;2\/3&#8243;][vc_empty_space height=&#8221;50px&#8221;][vc_column_text css=&#8221;&#8221;]<\/p>\n<p style=\"text-align: center;\"><strong>La commande minimale est de 160 pi\u00e8ces, minimum 20 pi\u00e8ces de chaque sorte.<\/strong><\/p>\n<p>[\/vc_column_text][vc_empty_space][\/vc_column][vc_column width=&#8221;1\/6&#8243;][\/vc_column][\/vc_row][vc_row][vc_column width=&#8221;1\/2&#8243;][vc_column_text css=&#8221;&#8221;]<\/p>\n<h3><span style=\"color: #93c355;\">La Vaudoise<\/span><\/h3>\n<ul>\n<li>Mini p\u00e2t\u00e9s vaudois<\/li>\n<li>Mini sandwiches jambon de campagne<\/li>\n<li>Tartelettes aux poireaux<\/li>\n<li>Verrines truite fum\u00e9e, dip de concombre<\/li>\n<li>Mini d\u00e9lices viande s\u00e9ch\u00e9e<\/li>\n<li>Taill\u00e9s aux greubons<\/li>\n<li>Brochettes gruy\u00e8re, lard sec, raisin<\/li>\n<li>Tartelettes au vin cuit<\/li>\n<\/ul>\n<p>[\/vc_column_text][vc_empty_space][vc_row_inner][vc_column_inner width=&#8221;1\/4&#8243;][\/vc_column_inner][vc_column_inner width=&#8221;1\/2&#8243;][vc_column_text css=&#8221;&#8221;]<\/p>\n<p style=\"text-align: left;\"><strong>20.- par personne pour 8 pi\u00e8ces<\/strong><br \/>\n<strong>30.- par personne pour 12 pi\u00e8ces<\/strong><br \/>\n<strong>38.- par personne pour 15 pi\u00e8ces<\/strong><\/p>\n<p>[\/vc_column_text][\/vc_column_inner][vc_column_inner width=&#8221;1\/4&#8243;][\/vc_column_inner][\/vc_row_inner][\/vc_column][vc_column width=&#8221;1\/2&#8243;][vc_column_text css=&#8221;&#8221;]<\/p>\n<h3><span style=\"color: #99cc00;\">La Gourmande<\/span><\/h3>\n<ul>\n<li>Mini sandwiches jambon cru, olives et roquette<\/li>\n<li>B\u00fbchettes de saumon, mousse de raifort<\/li>\n<li>Mini croissants poulet curry<\/li>\n<li>Verrines trois tomates sur mascarpone au wasabi<\/li>\n<li>Mini brochettes courgettes et billes de ch\u00e8vre<\/li>\n<li>Cuill\u00e8res tartare de thon, grenade et coriandre<\/li>\n<li>Panacota coulis de fruits rouges<\/li>\n<li>Mini tartelettes choco choco<\/li>\n<\/ul>\n<p>[\/vc_column_text][vc_empty_space][vc_row_inner][vc_column_inner width=&#8221;1\/4&#8243;][\/vc_column_inner][vc_column_inner width=&#8221;1\/2&#8243;][vc_column_text css=&#8221;&#8221;]<\/p>\n<p style=\"text-align: left;\"><strong>25.- par personnes pour 8 pi\u00e8ces <\/strong><br \/>\n<strong>34.-par personnes pour 12 pi\u00e8ces <\/strong><br \/>\n<strong>42.- par personne pour 15 pi\u00e8ces<\/strong><\/p>\n<p>[\/vc_column_text][\/vc_column_inner][vc_column_inner width=&#8221;1\/4&#8243;][\/vc_column_inner][\/vc_row_inner][\/vc_column][\/vc_row][vc_row][vc_column][vc_empty_space][\/vc_column][\/vc_row][vc_row][vc_column width=&#8221;1\/2&#8243;][vc_column_text css=&#8221;&#8221;]<\/p>\n<h3><span style=\"color: #93c355;\">La Raffin\u00e9e<\/span><\/h3>\n<ul>\n<li>Mini sandwiches roastbeef, tartare et rampons<\/li>\n<li>Mini sandwiches crabe-avocat<\/li>\n<li>Mini \u00e9clairs ch\u00e8vre et herbes fra\u00eeches<\/li>\n<li>Mini brioches \u00e9crevisses (lobster rolls)<\/li>\n<li>Cuill\u00e8res de tartare de b\u0153uf spicy<\/li>\n<li>Mini wraps \u00e0 l&#8217;efiloch\u00e9e de porc, l\u00e9gumes croquants, sauce hoisin<\/li>\n<li>Verrines cr\u00e8me de petits pois, mozza wasabi<\/li>\n<li>Verrines tiramisu au parmesan sur tomates confites<\/li>\n<li>Mini brochettes de poulet au zahtar, dips de labn\u00e9<\/li>\n<li>Verrines mousse \u00e0 l&#8217;abricot et romarin<\/li>\n<li>Mini choux \u00e0 la cr\u00e8me vanille<\/li>\n<li>Mini tartelettes aux myrtilles<\/li>\n<\/ul>\n<p>[\/vc_column_text][vc_empty_space][vc_row_inner][vc_column_inner width=&#8221;1\/4&#8243;][\/vc_column_inner][vc_column_inner width=&#8221;1\/2&#8243;][vc_column_text css=&#8221;&#8221;]<\/p>\n<p style=\"text-align: left;\"><strong>27.- par personnes pour 8 pi\u00e8ces <\/strong><br \/>\n<strong>36.- par personne pour 12 pi\u00e8ces <\/strong><br \/>\n<strong>45.- par personne pour 15 pi\u00e8ces<\/strong><\/p>\n<p>[\/vc_column_text][\/vc_column_inner][vc_column_inner width=&#8221;1\/4&#8243;][\/vc_column_inner][\/vc_row_inner][vc_empty_space][\/vc_column][vc_column width=&#8221;1\/2&#8243;][vc_column_text css=&#8221;&#8221;]<\/p>\n<h3><span style=\"color: #93c355;\">La V\u00e9g\u00e9<\/span><\/h3>\n<ul>\n<li>Mini sandwiches aubergine, tahina et pignons grill\u00e9s<\/li>\n<li>Smoothies concombre yaourt menthe<\/li>\n<li>Mini brochettes f\u00e9ta-past\u00e8que basilic<\/li>\n<li>Mini croissants olives et tomates s\u00e9ch\u00e9es<\/li>\n<li>Mini choux cr\u00e8me de poivrons<\/li>\n<li>Mini croustillants \u00e0 l&#8217;artichaut<\/li>\n<li>Verrines quinoa aux l\u00e9gumes d&#8217;\u00e9t\u00e9<\/li>\n<li>Verrines salade de fraises\/menthe<\/li>\n<\/ul>\n<p>[\/vc_column_text][vc_empty_space][vc_row_inner][vc_column_inner width=&#8221;1\/4&#8243;][\/vc_column_inner][vc_column_inner width=&#8221;1\/2&#8243;][vc_column_text css=&#8221;&#8221;]<\/p>\n<p style=\"text-align: left;\"><strong>24.- par personne pour 8 pi\u00e8ces <\/strong><br \/>\n<strong>34.- par personne pour 12 pi\u00e8ces <\/strong><br \/>\n<strong>41.- par personne pour 15 pi\u00e8ces<\/strong><\/p>\n<p>[\/vc_column_text][\/vc_column_inner][vc_column_inner width=&#8221;1\/4&#8243;][\/vc_column_inner][\/vc_row_inner][\/vc_column][\/vc_row][vc_row][vc_column width=&#8221;1\/3&#8243;][vc_single_image image=&#8221;2219&#8243; img_size=&#8221;full&#8221; alignment=&#8221;center&#8221; onclick=&#8221;link_image&#8221;][\/vc_column][vc_column width=&#8221;1\/3&#8243;][vc_single_image image=&#8221;2226&#8243; img_size=&#8221;full&#8221; alignment=&#8221;center&#8221; onclick=&#8221;link_image&#8221;][\/vc_column][vc_column width=&#8221;1\/3&#8243;][vc_single_image image=&#8221;2225&#8243; img_size=&#8221;full&#8221; alignment=&#8221;center&#8221; onclick=&#8221;link_image&#8221;][\/vc_column][\/vc_row][vc_row][vc_column][vc_empty_space][\/vc_column][\/vc_row][vc_row][vc_column][vc_empty_space][vc_column_text]<\/p>\n<p style=\"text-align: center;\"><strong>Les prix sont indiqu\u00e9s hors taxes.<\/strong><br \/>\n<strong>Fusion Traiteur rajoutera la TVA au taux de<br \/>\n<\/strong><strong>2,6% (sans service) ou 8.1% (avec service)<\/strong><\/p>\n<p>[\/vc_column_text][\/vc_column][\/vc_row][vc_row][vc_column][vc_empty_space][\/vc_column][\/vc_row]<\/p>\n<\/div>","protected":false},"excerpt":{"rendered":"<p>[vc_row][vc_column][vc_empty_space][vc_column_text css=&#8221;&#8221;] LES FORMULES COCKTAILS [\/vc_column_text][\/vc_column][\/vc_row][vc_row][vc_column width=&#8221;1\/6&#8243;][\/vc_column][vc_column width=&#8221;2\/3&#8243;][vc_empty_space height=&#8221;50px&#8221;][vc_column_text css=&#8221;&#8221;] La commande minimale est de 160 pi\u00e8ces, minimum 20 pi\u00e8ces de chaque sorte. [\/vc_column_text][vc_empty_space][\/vc_column][vc_column width=&#8221;1\/6&#8243;][\/vc_column][\/vc_row][vc_row][vc_column width=&#8221;1\/2&#8243;][vc_column_text css=&#8221;&#8221;] La Vaudoise Mini p\u00e2t\u00e9s vaudois Mini sandwiches jambon de campagne Tartelettes aux poireaux Verrines truite fum\u00e9e, dip de concombre Mini d\u00e9lices viande s\u00e9ch\u00e9e Taill\u00e9s aux greubons Brochettes gruy\u00e8re, [&hellip;]<\/p>\n","protected":false},"author":2,"featured_media":0,"parent":0,"menu_order":0,"comment_status":"closed","ping_status":"open","template":"","meta":{"footnotes":""},"class_list":["post-2392","page","type-page","status-publish","hentry"],"_links":{"self":[{"href":"https:\/\/www.fusion-traiteur.ch\/new\/wp-json\/wp\/v2\/pages\/2392","targetHints":{"allow":["GET"]}}],"collection":[{"href":"https:\/\/www.fusion-traiteur.ch\/new\/wp-json\/wp\/v2\/pages"}],"about":[{"href":"https:\/\/www.fusion-traiteur.ch\/new\/wp-json\/wp\/v2\/types\/page"}],"author":[{"embeddable":true,"href":"https:\/\/www.fusion-traiteur.ch\/new\/wp-json\/wp\/v2\/users\/2"}],"replies":[{"embeddable":true,"href":"https:\/\/www.fusion-traiteur.ch\/new\/wp-json\/wp\/v2\/comments?post=2392"}],"version-history":[{"count":36,"href":"https:\/\/www.fusion-traiteur.ch\/new\/wp-json\/wp\/v2\/pages\/2392\/revisions"}],"predecessor-version":[{"id":2591,"href":"https:\/\/www.fusion-traiteur.ch\/new\/wp-json\/wp\/v2\/pages\/2392\/revisions\/2591"}],"wp:attachment":[{"href":"https:\/\/www.fusion-traiteur.ch\/new\/wp-json\/wp\/v2\/media?parent=2392"}],"curies":[{"name":"wp","href":"https:\/\/api.w.org\/{rel}","templated":true}]}}