{"id":280,"date":"2013-01-18T11:43:44","date_gmt":"2013-01-18T10:43:44","guid":{"rendered":"http:\/\/www.fusion-traiteur.ch\/wp\/?page_id=280"},"modified":"2024-05-27T12:01:02","modified_gmt":"2024-05-27T10:01:02","slug":"buffet-de-salades","status":"publish","type":"page","link":"http:\/\/www.fusion-traiteur.ch\/new\/buffet-de-salades\/","title":{"rendered":"Buffet de salades"},"content":{"rendered":"<div class=\"wpb-content-wrapper\"><p>[vc_row][vc_column width=&#8221;2\/3&#8243;][vc_column_text]Vous souhaitez organiser un barbecue avec vos amis ?<br \/>\nVous souhaitez vous amuser et profiter au maximum de la journ\u00e9e sans vous prendre la t\u00eate avec<br \/>\nla pr\u00e9paration des salades ? Nous vous proposons la solution :<\/p>\n<h4><span style=\"color: #93c355;\">Fa\u00eetes votre march\u00e9 et choisissez 6 salades dans le choix ci-dessous :<\/span><\/h4>\n<p>[\/vc_column_text][\/vc_column][vc_column width=&#8221;1\/3&#8243;][\/vc_column][\/vc_row][vc_row][vc_column width=&#8221;2\/3&#8243;][vc_column_text]\n<table id=\"tablepress-7\" class=\"tablepress tablepress-id-7\">\n<tbody class=\"row-hover\">\n<tr class=\"row-1\">\n\t<td class=\"column-1\">MOZZARELLA, TOMATES et BASILIC<\/td><td class=\"column-2\">MA\u00cfS : curry + lait de coco<\/td>\n<\/tr>\n<tr class=\"row-2\">\n\t<td class=\"column-1\">SALADE VERTE PANACH\u00c9E                                         <\/td><td class=\"column-2\">BETTERAVES CUITES : amandes + s\u00e9same<\/td>\n<\/tr>\n<tr class=\"row-3\">\n\t<td class=\"column-1\">TZATZIKI : concombre + yahourt<\/td><td class=\"column-2\">HARICOTS VERTS : ail + persil<\/td>\n<\/tr>\n<tr class=\"row-4\">\n\t<td class=\"column-1\">SALADE DE CAROTTES \"comme \u00e0 Marrakech\"<\/td><td class=\"column-2\">LENTILLES ET POIS CHICHES : citron + tahina<\/td>\n<\/tr>\n<tr class=\"row-5\">\n\t<td class=\"column-1\">TROIS TOMATES : grenade et herbes<\/td><td class=\"column-2\">TABOULE CURRY<\/td>\n<\/tr>\n<tr class=\"row-6\">\n\t<td class=\"column-1\">GRECQUE : tomates + concombre + f\u00e9ta + olives<\/td><td class=\"column-2\">ENDIVES ET NOIX CARAMELIS\u00c9ES : sauce au bleu<\/td>\n<\/tr>\n<\/tbody>\n<\/table>\n<!-- #tablepress-7 from cache --><\/p>\n<p>Nous nous ferons un plaisir de vous pr\u00e9parer votre choix qui vous sera livr\u00e9 chez vous.<br \/>\nIl est \u00e9galement possible de venir chercher la marchandise (Route de Fenil 40, 1806 Saint-L\u00e9gier)<\/p>\n<p>Le prix et de\u00a0 15.-\/personne<br \/>\nCe service s\u2019adresse \u00e0 des groupes de 20 \u00e0 50 personnes[\/vc_column_text][\/vc_column][vc_column width=&#8221;1\/3&#8243;][vc_single_image image=&#8221;1880&#8243; img_size=&#8221;full&#8221; css_animation=&#8221;appear&#8221;][\/vc_column][\/vc_row][vc_row][vc_column][vc_column_text]<\/p>\n<p style=\"text-align: center;\"><strong>Les prix sont indiqu\u00e9s hors taxes.<\/strong><br \/>\n<strong>Fusion Traiteur rajoutera la TVA au taux de<br \/>\n<\/strong><strong>2,6% (sans service) ou 8,1% (avec service)<\/strong><\/p>\n<p>[\/vc_column_text][\/vc_column][\/vc_row][vc_row][vc_column][vc_empty_space][\/vc_column][\/vc_row]<\/p>\n<\/div>","protected":false},"excerpt":{"rendered":"<p>[vc_row][vc_column width=&#8221;2\/3&#8243;][vc_column_text]Vous souhaitez organiser un barbecue avec vos amis ? Vous souhaitez vous amuser et profiter au maximum de la journ\u00e9e sans vous prendre la t\u00eate avec la pr\u00e9paration des salades ? Nous vous proposons la solution : Fa\u00eetes votre march\u00e9 et choisissez 6 salades dans le choix ci-dessous : [\/vc_column_text][\/vc_column][vc_column width=&#8221;1\/3&#8243;][\/vc_column][\/vc_row][vc_row][vc_column width=&#8221;2\/3&#8243;][vc_column_text] Nous nous [&hellip;]<\/p>\n","protected":false},"author":2,"featured_media":0,"parent":0,"menu_order":69,"comment_status":"closed","ping_status":"closed","template":"","meta":{"footnotes":""},"class_list":["post-280","page","type-page","status-publish","hentry"],"_links":{"self":[{"href":"http:\/\/www.fusion-traiteur.ch\/new\/wp-json\/wp\/v2\/pages\/280","targetHints":{"allow":["GET"]}}],"collection":[{"href":"http:\/\/www.fusion-traiteur.ch\/new\/wp-json\/wp\/v2\/pages"}],"about":[{"href":"http:\/\/www.fusion-traiteur.ch\/new\/wp-json\/wp\/v2\/types\/page"}],"author":[{"embeddable":true,"href":"http:\/\/www.fusion-traiteur.ch\/new\/wp-json\/wp\/v2\/users\/2"}],"replies":[{"embeddable":true,"href":"http:\/\/www.fusion-traiteur.ch\/new\/wp-json\/wp\/v2\/comments?post=280"}],"version-history":[{"count":11,"href":"http:\/\/www.fusion-traiteur.ch\/new\/wp-json\/wp\/v2\/pages\/280\/revisions"}],"predecessor-version":[{"id":2487,"href":"http:\/\/www.fusion-traiteur.ch\/new\/wp-json\/wp\/v2\/pages\/280\/revisions\/2487"}],"wp:attachment":[{"href":"http:\/\/www.fusion-traiteur.ch\/new\/wp-json\/wp\/v2\/media?parent=280"}],"curies":[{"name":"wp","href":"https:\/\/api.w.org\/{rel}","templated":true}]}}

<div class="wpb-content-wrapper"><p>[vc_row][vc_column width=&#8221;2/3&#8243;][vc_column_text]Vous souhaitez organiser un barbecue avec vos amis ?<br />
Vous souhaitez vous amuser et profiter au maximum de la journée sans vous prendre la tête avec<br />
la préparation des salades ? Nous vous proposons la solution :</p>
<h4><span style="color: #93c355;">Faîtes votre marché et choisissez 6 salades dans le choix ci-dessous :</span></h4>
<p>[/vc_column_text][/vc_column][vc_column width=&#8221;1/3&#8243;][/vc_column][/vc_row][vc_row][vc_column width=&#8221;2/3&#8243;][vc_column_text]
<table id="tablepress-7" class="tablepress tablepress-id-7">
<tbody class="row-hover">
<tr class="row-1">
	<td class="column-1">MOZZARELLA, TOMATES et BASILIC</td><td class="column-2">MAÏS : curry + lait de coco</td>
</tr>
<tr class="row-2">
	<td class="column-1">SALADE VERTE PANACHÉE                                         </td><td class="column-2">BETTERAVES CUITES : amandes + sésame</td>
</tr>
<tr class="row-3">
	<td class="column-1">TZATZIKI : concombre + yahourt</td><td class="column-2">HARICOTS VERTS : ail + persil</td>
</tr>
<tr class="row-4">
	<td class="column-1">SALADE DE CAROTTES "comme à Marrakech"</td><td class="column-2">LENTILLES ET POIS CHICHES : citron + tahina</td>
</tr>
<tr class="row-5">
	<td class="column-1">TROIS TOMATES : grenade et herbes</td><td class="column-2">TABOULE CURRY</td>
</tr>
<tr class="row-6">
	<td class="column-1">GRECQUE : tomates + concombre + féta + olives</td><td class="column-2">ENDIVES ET NOIX CARAMELISÉES : sauce au bleu</td>
</tr>
</tbody>
</table>
<!-- #tablepress-7 from cache --></p>
<p>Nous nous ferons un plaisir de vous préparer votre choix qui vous sera livré chez vous.<br />
Il est également possible de venir chercher la marchandise (Route de Fenil 40, 1806 Saint-Légier)</p>
<p>Le prix et de  15.-/personne<br />
Ce service s’adresse à des groupes de 20 à 50 personnes[/vc_column_text][/vc_column][vc_column width=&#8221;1/3&#8243;][vc_single_image image=&#8221;1880&#8243; img_size=&#8221;full&#8221; css_animation=&#8221;appear&#8221;][/vc_column][/vc_row][vc_row][vc_column][vc_column_text]</p>
<p style="text-align: center;"><strong>Les prix sont indiqués hors taxes.</strong><br />
<strong>Fusion Traiteur rajoutera la TVA au taux de<br />
</strong><strong>2,6% (sans service) ou 8,1% (avec service)</strong></p>
<p>[/vc_column_text][/vc_column][/vc_row][vc_row][vc_column][vc_empty_space][/vc_column][/vc_row]</p>
</div>

<p>[vc_row][vc_column width=&#8221;2/3&#8243;][vc_column_text]Vous souhaitez organiser un barbecue avec vos amis ? Vous souhaitez vous amuser et profiter au maximum de la journée sans vous prendre la tête avec la préparation des salades ? Nous vous proposons la solution : Faîtes votre marché et choisissez 6 salades dans le choix ci-dessous : [/vc_column_text][/vc_column][vc_column width=&#8221;1/3&#8243;][/vc_column][/vc_row][vc_row][vc_column width=&#8221;2/3&#8243;][vc_column_text] Nous nous [&hellip;]</p>
